h**2/2 + 42*h. Determine b(z).
-9
Let n = -34 + 31. Let k(j) = j**2 + 5*j + 4. Determine k(n).
-2
Let m be (2/4)/(1/4). Let a(r) = -4*r + m - 1 - 2 - r. Let w be ((-1)/2)/((-3)/(-12)). Give a(w).
9
Let w be (-1)/4 + (-4)/(-16). Let i(q) = 0*q**2 + w*q**3 + q**3 + q - 2 - 3*q**2 + 2*q**2. Calculate i(0).
-2
Let s be (18 + -20)/(-1 - 1). Let r(y) = 3*y**3 + 2*y - 1. Determine r(s).
4
Let b(v) be the third derivative of v**6/120 + v**5/12 - v**4/6 + 7*v**3/6 - 17*v**2. What is b(-6)?
-5
Suppose z = 9 - 19. Let g(l) = l + 7. Let v be g(z). Let n(r) = -r - 5. What is n(v)?
-2
Let g(s) be the third derivative of 0 + 1/3*s**3 + 1/60*s**5 - 5*s**2 + 0*s - 5/24*s**4. Suppose 10 = 4*w - 2. Calculate g(w).
-4
Suppose 5*i - 5 = 0, 2*v - 2*i - 2 = -0*i. Let k = v + -5. Let h(n) = -20 + 40 + n - 22. Give h(k).
-5
Let d(k) = -k**3 - 5*k**2 - 5*k - 1. Let a be (2/1)/2 + 23. Let b be 5/((-10)/6) - 0. Let v be (-1)/(-2*b/a). Give d(v).
3
Let n(f) be the first derivative of -f**4/4 + 7*f**3/3 - 3*f**2 + 7*f + 26. What is n(6)?
7
Suppose 3*z = -35 + 8. Let b = z + 14. Let q(p) be the second derivative of -p**4/12 + 2*p**3/3 + 5*p**2/2 + p. What is q(b)?
0
Let r(m) = -m**3 + 8*m**2 - 6*m - 7. Let o = 55 + -48. Determine r(o).
0
Let h(n) = n - 7. Let t be h(6). Let x(w) = -5*w**3 + w + 1. Give x(t).
5
Let w(z) = z**2 - 8*z - 1. Let d be w(7). Let g = 10 + d. Let y(q) = -3*q**2 + 1. What is y(g)?
-11
Let z(d) be the third derivative of -d**7/840 - d**6/90 - d**5/40 - d**4/12 + 2*d**3/3 - 2*d**2. Let r(j) be the first derivative of z(j). Calculate r(-2).
-4
Let a(m) be the first derivative of -m**2 + m - 1. Suppose 36 = 2*d - 4*d - 3*u, -d - 4 = 5*u. Let b = 21 + d. What is a(b)?
7
Suppose -y - 3*l - 2*l = -26, 2*y - 3*l + 13 = 0. Let d = 0 - -5. Let i(b) = -5*b**3 + 2*b**2 - 6*b**2 + b + 3 - 4 + d*b**2. What is i(y)?
-4
Suppose -y = -2*s - 2, -3*s = y - 2*s - 8. Suppose -g = -n - 3, -2*g + n - 4*n + y = 0. Let k(t) = -5*t - 5*t - 1 - g*t**2 + t**3 + 5*t. Give k(4).
-5
Let k(r) be the first derivative of -r**2 - 5*r + 1. Suppose 0*w = w + 5. Give k(w).
5
Let s(w) be the third derivative of 0 + 0*w - 2*w**2 - 1/6*w**3 - 1/8*w**4. Give s(2).
-7
Let r = -4 - -11. Suppose 5*f - r*f = 16. Let k(y) = -y - 6. Determine k(f).
2
Let y(z) = 5*z. Suppose -4 - 17 = 21*v. Determine y(v).
-5
Let t = -7 - -11. Suppose 0 + 3 = s. Let r(p) = 3*p**2 + s*p + 2*p**2 + 3*p**2 + 3 - p**3 - 5*p**2. What is r(t)?
-1
Let i be 4/10 - (-4)/(-10). Let x(s) = -8*s**3 + 6*s**2 + 20*s + 4. Let n(h) = 7*h**3 - 5*h**2 - 17*h - 4. Let t(f) = -7*n(f) - 6*x(f). Calculate t(i).
4
Let y(d) = -d + 1. Suppose 0*g + 3*g = -3*r + 18, -4*r = -4*g - 16. Suppose r = -5*j + 35. Give y(j).
-5
Let a(w) be the third derivative of w**4/24 + w**3/6 - w**2. Let s be (7/21)/(2/12). Let t be (s + -4)/(2/4). What is a(t)?
-3
Let k(z) = 2*z**2 + z**2 - 2 + 7 + z**2. Let f(j) = -7*j**2 + j - 9. Let c(q) = -3*f(q) - 5*k(q). Determine c(3).
2
Let c(i) = -i**2 + 1. Let k(s) = 7*s**2 + 6*s + 2. Let u(v) = 2*c(v) + k(v). Let h(n) = 9*n**2 + 12*n + 7. Let p(y) = 6*h(y) - 11*u(y). Calculate p(4).
6
Let d = 4 + 2. Let g(v) = -v**2 + 4*v + 3. Give g(d).
-9
Let j(c) be the third derivative of -c**8/20160 - c**7/1260 - c**6/180 - c**5/60 - 6*c**2. Let b(z) be the third derivative of j(z). What is b(-5)?
-9
Let r(g) = -2*g**2 + g + 3. Let k be 5 - (2 - 1)*2. Determine r(k).
-12
Let w(y) = y**3 - y**2 - y + 2. Let r be ((-20)/8)/(1/(-2)). Suppose 4*h + 5*g - g = -8, 2 = r*h + 2*g. What is w(h)?
4
Let y(x) = 16*x**2 - 7*x**2 + 7*x + 1 - 10*x**2. Calculate y(6).
7
Let u be 0/((-3)/((-6)/(-2))). Let i(h) = -h - 11. Let c(o) = -o - 10. Let t(s) = 3*c(s) - 2*i(s). Calculate t(u).
-8
Let w(o) = 7*o**2 + o**3 + o + 2 - 5*o**2 + 2*o**2. Determine w(-4).
-2
Let b(w) = 7*w + 5*w**2 + 6 + 0*w - 2*w + 7*w. Let s(i) = i**2 + i + 1. Let a(f) = b(f) - 6*s(f). Give a(5).
5
Suppose 3*k = 3*l + 25 - 4, -21 = 3*l + 3*k. Let c(o) = o**3 + 6*o**2 - 8*o + 3. Calculate c(l).
10
Let z(y) = -7 + 5 - y - 1 + 4. Suppose 2*a = 6*a. Calculate z(a).
1
Suppose -d + 6 = 2*d. Suppose 2*q = 4*c + 28, 2*c - d + 4 = -2*q. Let f(r) = r**2 + 4*r - 6. Calculate f(c).
-1
Let h = -13 + 8. Let r(p) be the third derivative of p**5/60 + 7*p**4/24 + p**3 + p**2. Calculate r(h).
-4
Let o(d) = -d + 1. Let x = -5 + -2. Let j = x - -9. Give o(j).
-1
Let b(v) = -2*v**2 + 6*v. Let r be (-20)/(-9) - 4/18. Let i(g) = 1 - 3*g + 0*g + 5*g**r + 0*g - 15*g. Let h(l) = 8*b(l) + 3*i(l). Determine h(-6).
3
Let l = -165 + 170. Let q(x) = 3*x - 7. Give q(l).
8
Let f(h) = h**2 - 7*h - 5. Let w be f(8). Let d(b) = 3*b - 4*b + 3 - w + b**3 - 4. Calculate d(0).
-4
Suppose -h = -13 + 33. Let x be (-12)/h*1*5. Let o(c) = -x*c**3 + 1 + 0 + 2*c + c**2 - c. Determine o(-1).
4
Let v(c) = -3*c**3 + 6*c**2 - 5*c. Let g(t) = -t**3 + t**2 - t. Let p(w) = -4*g(w) + v(w). What is p(-3)?
-6
Let x(f) = -f**3 - 9*f**2 + 9*f - 7. Let a be x(-10). Let i(s) = 0*s**3 - s - 4*s**2 + s**3 - 1 + 0*s**2 + s**a. Give i(3).
14
Let f(i) = -i**3 - i - i + 5*i**2 - 3 + 0*i**3 + 1. Let n be f(4). Suppose -2*w - s = -n*s - 10, 4 = 4*w - 2*s. Let a(k) = -k**3 + k**2 - 4. Determine a(w).
-4
Let x(b) = b - 9. Suppose -6*n - 8*n = 0. Determine x(n).
-9
Let l(a) = a**2 - 1. Let w(t) = 3*t**2 + 4*t. Let u(o) = -4*l(o) + w(o). Calculate u(4).
4
Let y(a) = -a - 4. Suppose -15*x - 12 = -13*x. What is y(x)?
2
Let r be (-2)/(-2)*6/(-3). Let q(k) = -5. Let m(x) = -x - 5. Let c(s) = r*m(s) + 3*q(s). Give c(5).
5
Suppose -4*q + 3*n = n - 16, 0 = 5*q - 2*n - 19. Let k(y) = -2*y**q + 0 + y + 0 + 1 - y**2. Calculate k(-2).
11
Let u(a) = 5*a - a + 2*a**2 - a**2. Let m(z) = -10*z**2 - 7*z - 2. Let l be m(-1). Give u(l).
5
Let s = -4 - -2. Let d(q) = q**3 - 2*q + 1. Let v be d(s). Let a be ((-5)/(-3))/(v/9). Let j(g) = g**2 + 4*g - 3. Determine j(a).
2
Let m(q) = -4*q + 4*q - 6 + 0*q + q. What is m(0)?
-6
Let h(u) be the third derivative of u**6/120 - u**5/15 + u**4/8 + u**3/3 - 5*u**2. Suppose 5*z = l + 17, z + l = 3*l - 2. What is h(z)?
14
Suppose -v + 54 = -7*v. Let r(x) = -x**2 - 8*x. Calculate r(v).
-9
Let a(g) be the third derivative of g**6/120 + g**5/15 + g**4/8 + 2*g**3/3 + 15*g**2. Suppose -b + 0*j - 2*j = 4, 0 = -2*j. Determine a(b).
-8
Let b = 9 + -15. Let p = b - -5. Let o be (0 + 5)*p/(-5). Let t(i) = -4*i + 1. Calculate t(o).
-3
Let d(s) = s**2 + 2*s + 3. Let t(l) = -4*l. Let v be t(-4). Suppose 0 = -3*n - 1 + v. Suppose -2*g + g - 2 = -n*q, 2*g = 3*q - 4. Calculate d(g).
3
Let l(c) = -59 + 19 + c + 35 + 18. Determine l(-6).
7
Let s(j) = j**2 - 4*j - 5. Let o be s(4). Let c = -6 + 9. Let u(y) = y**2 - 2*y - 3 - c*y + 9*y. Determine u(o).
2
Let i(n) be the second derivative of n**5/120 - n**4/4 + n**3/3 + 4*n. Let f(z) be the second derivative of i(z). Calculate f(4).
-2
Let l(k) = -k**2 - 9*k - 3. Suppose -w = -0*w - 5*f, -6 = -w - f. Suppose 2*h = -5*z - 22, -3*h + 20 = -8*h + w*z. Determine l(h).
15
Let b(j) = j**2 + 6*j - 1. Let w(c) = -1. Let v(r) = -b(r) + 6*w(r). What is v(-5)?
0
Let c(d) be the second derivative of -d**3/6 - 3*d**2/2 + 2*d. Let k(h) = h - 6. Let a be k(0). What is c(a)?
3
Let w(g) be the second derivative of -g**4/12 + 5*g**3/6 - g**2/2 - g. Suppose -3*a - 2 = -4*h - 20, 5*h + 12 = 2*a. Determine w(a).
-7
Let j(w) = w + 4. Let l = -14 + 5. Give j(l).
-5
Suppose -17 = -4*h - 5*a, 0*h = 4*h + 3*a - 15. Let w(r) = 2*r - 1. Let d be w(h). Let t(m) = -4 + 1 + 5 - 2*m. What is t(d)?
-8
Let g(t) be the second derivative of -t**5/10 + t**4/3 - t**3/3 - t. Let c(z) = -4*z + 6. Let n be c(1). What is g(n)?
-4
Let k(l) = -2*l + 3. Let t(n) = n. Let r(p) = -k(p) - 5*t(p). Calculate r(-5).
12
Let u(l) be the first derivative of -3*l**2/2 - 2*l + 53. What is u(4)?
-14
Suppose 0*w + 32 = -4*w. Let z(t) = t + 6. Let g be z(w). Let b(p) = 9*p - 4*p + 2 - 1. Calculate b(g).
-9
Let k(m) = -m**2 - 5*m - 2. Let r(v) = v + 4. Let j be r(-10). What is k(j)?
-8
Let o(n) be the second derivative of -n**5/20 - 5*n**4/12 + 5*n**2/2 + 10*n. What is o(-5)?
5
Let w(k) = -2*k. Let y = 3 + -1. Suppose -5*c = -2*m - y - 63, 0 = -c + m + 13. Let b = 9 - c. What is w(b)?
8
Let m(s) = -2*s. Let q(c) = c - 5. Let f be q(4). Let u be m(f). Let y(i) = -i**3 + 3*i**2 - 2*i - 2. Calculate y(u).
-2
Let v(l) = -2*l**2 - 11*l - 4. Let s(c) = -c**2 -